 + -1 + 3 + -7 - -3
-4
11 + -17 - (2 - (3 - 2))
-7
(4 - (-5 - -2) - 3) + 1
5
Calculate -5 - (20 + -23 - (-1 + -1)).
-4
Calculate -1 - (0 + -2) - (-2 - 2).
5
What is 0 + (-2 + -5 - (-6 - 0))?
-1
Evaluate (-9 - -1) + 10 + -4 + 4.
2
What is the value of -5 + (-1 - -5 - -4) + -4?
-1
Evaluate -1 + 4 + 13 + -19.
-3
Evaluate 1 - (7 + -10 + -3).
7
-20 + 23 - (4 - 1)
0
Calculate 4 + (-6 - -4 - 3).
-1
4 + -3 + -2 + (3 - -1)
3
Calculate 6 - (4 + 2 + -7).
7
What is 1 - (3 + 0) - (1 - 3)?
0
2 + (-4 - -7 - 3) + -1
1
Evaluate -1 + 3 - ((0 - -3) + 2).
-3
Evaluate -19 - -8 - (-2 + -6).
-3
4 + 3 - (3 + 4)
0
What is (-1 - -1 - 2) + 1 + 1?
0
Evaluate 2 + -3 + -1 + -2 + 4.
0
4 + 1 + (-4 - (-3 - -2))
2
What is -23 + 35 + -7 + -2?
3
Calculate -1 - 1 - 2 - 0.
-4
What is 15 + -19 + (-4 - (1 - 3))?
-6
What is the value of 3 - 0 - (-3 + (1 - 0))?
5
What is 6 - (9 + -9 + 10)?
-4
Calculate (0 - -5) + -9 + 0.
-4
5 + (-2 - (-4 - (-9 - 8)))
-10
Calculate (5 - 1) + (-11 - (0 + 1)).
-8
Evaluate -1 + 1 + (-3 - -2) + 6.
5
What is (0 - (-9 - -2)) + 27 + -33?
1
What is 2 + -5 + -2 + (-5 - -12)?
2
What is 0 - (-5 + 15) - (1 - 5)?
-6
4 + -2 - -7 - 9
0
What is the value of -7 + (2 - 1) + 2?
-4
Evaluate -9 + (8 + -14 - -23).
8
What is the value of (-1 - (12 + -9)) + 4?
0
Evaluate 15 + -2 + 8 + -16.
5
What is the value of 4 - -2 - ((-2 - -7) + 8)?
-7
Calculate (-1 - -7) + (-264 - -248).
-10
What is -4 + 11 - -5 - 10?
2
Evaluate (-1 - 6) + (-6 - -9).
-4
What is (0 - (2 + -7)) + -5?
0
Evaluate 3 + (1 - -2) + -2.
4
5 + 3 + -9 + 1
0
Evaluate 1 + (-7 - -6) + 3.
3
What is 35 + -36 + 0 + 6?
5
11 + -9 - (0 + -1)
3
Calculate 1 + 7 + (-3 - 1 - -2).
6
-4 + (-2 - -5 - 4) + -1
-6
-5 - (3 + -2 + -3)
-3
What is -12 + -5 + 10 - -8?
1
Evaluate 3 - 3 - 1 - 0.
-1
What is the value of -1 + -1 + 8 + -8 + -3?
-5
What is -137 + 134 - (-1 - -3)?
-5
Calculate -3 - ((-12 - -14) + (1 - 6)).
0
What is -5 + -1 - (7 + -13 + 4)?
-4
What is the value of (-2 - -2) + (-1 - -2) + -1?
0
-4 + 9 + -2 + 0
3
What is -2 + -3 + 5 + 3?
3
Calculate (-1 - -2) + 0 + -2.
-1
Calculate 11 - 7 - -4 - 4.
4
What is the value of (-4 - 0) + 7 + 1 + -3?
1
Evaluate -3 + 2 - -1 - 6.
-6
What is 3 - (-3 + (0 - -1)) - 2?
3
Calculate 3 + -4 + -1 + 0.
-2
0 - (5 - (1 + 2 + -2))
-4
Calculate 5 + -2 + (3 - -1) - 2.
5
What is the value of -2 - (1 - (-2 + 1 + 2))?
-2
3 - (4 + 0 - (10 - 6))
3
Evaluate -55 - -51 - (-1 + 2 + -10).
5
What is -5 + 15 + -3 - 4 - 3?
0
-3 - (5 - (11 - 6))
-3
Evaluate 21 + -19 - (2 - -1 - -3).
-4
What is the value of -1 + 6 - (-13 - -7 - -6)?
5
Calculate -7 + (2 - (-2 + 0)).
-3
What is the value of -13 - -13 - (-2 - -1)?
1
What is the value of -2 + (-2 - (1 + 4 - 9))?
0
Calculate (-1 - -2) + (10 - 11).
0
25 - 23 - (-3 + 0 - -2)
3
What is the value of 4 - (-2 - -3) - -6 - 3?
6
-8 - -1 - (-4 - (10 - 6))
1
2 - (7 + (3 - -2) + -4)
-6
5 + (0 - 3) - 1
1
What is -6 + 2 - (-5 + 4)?
-3
What is the value of 8 + ((3 - 7) + -5 - -4)?
3
Evaluate 4 - (11 - (2 + (1 - 0))).
-4
What is -6 + 8 - (6 + -7)?
3
What is the value of 6 + -8 + 4 - 4?
-2
-4 + 15 + (-24 - -9)
-4
What is 2 + 3 - (5 + -4)?
4
-9 + (49 - 45 - (0 - -2))
-7
Evaluate 23 + -21 - (17 + -7).
-8
What is -6 + 12 + -6 - 3?
-3
Evaluate (6 - 20) + 6 + 13.
5
What is 2 - (-6 - (-1 - (6 - -3)))?
-2
Evaluate -5 + -3 + 4 + 5.
1
4 + (-5 - -8) + -12
-5
Calculate (-1 + -4 - (-7 + 5)) + 2.
-1
What is the value of -4 + (-2 - (8 - 6)) + 2?
-6
What is the value of 3 - (2 - -1) - (-8 - -1)?
7
Evaluate -1 + (-2 - (0 + -4)) + -2.
-1
What is the value of 0 + (-2 + (2 - 3) - -8)?
5
Evaluate 3 + (-6 - (4 - 3)).
-4
What is -10 + 4 + 25 - 10?
9
What is (-3 - -11 - 10) + -4?
-6
130 + -125 + -7 + -1
-3
Calculate 0 - 5 - 1 - (10 + -10).
-6
3 - (8 - (7 - -2))
4
Calculate (5 - (1 + 0)) + 32 + -31.
5
5 - (-5 - (-3 - 4))
3
Calculate -3 + 7 + 2 - (-1 - -3).
4
-4 + (-4 - (-13 + 2)) + 2
5
What is the value of (5 - 1) + -2 - -4?
6
(0 - (7 + -19 - 3)) + -6
9
Calculate -7 + (-14 - -7) + 6.
-8
What is the value of 1 - (11 + -12) - 5?
-3
What is -7 + -1 + (-17 - (-35 - -15))?
-5
Evaluate -1 + (3 - -1) - (-65 + 75).
-7
0 - ((-2 - (-4 + 0)) + -8)
6
What is the value of 1 - (-1 + 1 - (-15 - -15))?
1
Evaluate -6 - -3 - -4 - (0 + 0).
1
4 + 1 + -6 + -2 + 2
-1
Calculate 5 - 0 - (10 + (-8 - -8)).
-5
103 + -96 - (1 - -1)
5
Calculate 15 - -2 - (-46 - -53).
10
What is -47 + 49 - (-2 + -1)?
5
What is the value of (-1 + -1 - 0) + -2 - 0?
-4
Evaluate -10 + 2 + 7 - -3.
2
Evaluate -2 + 6 + -12 + 3 + 4.
-1
What is 0 - -1 - 8 - (4 - 8)?
-3
2 + 4 + (-6 - -3)
3
Calculate 0 + -1 + 3 + -5 - -3.
0
Evaluate 3 + 9 + -15 + 1.
-2
Calculate 2 + -6 + (0 - 0).
-4
What is 0 + -6 + -5 + 10?
-1
What is the value of -6 - -14 - 7 - 6?
-5
Evaluate 4 + (6 - (-1 + (-4 - -10))).
5
Calculate (-4 - (2 + -2)) + 3.
-1
Evaluate (-1 - (-14 + -1)) + -10 + 4.
8
-33 - -43 - (6 + -1)
5
Calculate -5 + 2 + 3 + 3.
3
-9 + 2 + (-4 - -13)
2
What is the value of 5 - (2 - -11) - -5?
-3
(0 - 8) + 6 + -3
-5
What is the value of (5 - 1) + -2 + (8 - 11)?
-1
What is the value of -2 + 2 + -5 + -1 + 8?
2
Calculate 0 + 1 + -1 + -139 + 145.
6
What is the value of (-4 - 0) + 2 + -1?
-3
1 + (2 - 3) - (-9 + 7)
2
-5 - (4 - 1) - (-1 - 16)
9
What is -11 + 6 + 2 + -4?
-7
What is the value of -6 + -6 + 4 - (-3 - 3)?
-2
7 + (0 - 4) + 3 + 2
8
What is the value of -4 + 3 + 0 + -6 + 2?
-5
Calculate -9 + 1 + (-93 - -99).
-2
What is the value of -11 + -5 + 3 + 10?
-3
Calculate 8 + -9 - (-2 + 6 + -1).
-4
What is the value of 0 + 5 - (3 + -2)?
4
-1 - 4 - (-6 + 3)
-2
What is 2 + -13 + 8 + -3 + 0?
-6
Evaluate -2 + (-3 - -7) - 7.
-5
Evaluate 6 + -1 - 3 - 1.
1
What is the value of 2 + 0 + -1 + 6?
7
Evaluate 2 + 0 - (-2 + -17 + 15).
6
Evaluate (-8 - (4 - 7)) + (-1 - -4).
-2
Calculate 12 + 5 + -7 + -4 - 0.
6
Evaluate -12 - -8 - (-17 + 7).
6
Calculate 1 - -5 - (35 + -34).
5
What is the value of 3 + -5 + (9 - 7)?
0
What is -1 + (-1 - (-2 - 1))?
1
(-4 - -2) + (2 - (-1 + 2))
-1
Calculate (-5 - 5) + 3 + -4 + 6.
-5
What is (13 - -6) + -7 + -4?
8
What is 0 - ((-5 + 4 - 4) + 3)?
2
What is the value of -33 - -34 - (-1 + 7)?
-5
What is the value of -2 - (-1 + -2) - 6?
-5
Calculate 2 - (-2 + (8 - 0 - 2)).
-2
Evaluate 8 - (0 + 13 - 0).
-5
Calculate -3 + 1 - 1 - (-4 + -3).
4
What is -2 + 7 - (-2 - (6 - 10))?
3
-3 + 2 + 2 + -3
-2
What is the value of 3 + (5 - (2 + 1)) + -2?
3
-1 + 6 - (0 + 5 - -1)
-1
(-14 - (-7 - 2)) + 2
-3
What is -2 + 1 - (2 + -5 + 3)?
-1
-5 - (4 + -8 + -6)
5
What is the value of -1 + 1 - (-3 + 6 - 1)?
-2
Evaluate (12 - 14) + (5 - 1).
2
Evaluate -1 - (-4 - -13) - -8.
-2
0 - 1 - (0 - -2)
-3
What is the value of 2 - (-1 + -1 + 7 + -5)?
2
0 + 4 - (17 + -5 + -13)
5
-6 + (-1 - 2) + (0 - -7)
-2
Calculate (0 + -1 - -6) + -9.
-4
Evaluate 11 + -26 + 0 + 13.
-2
4 + -11 - (5 + -14 - -6)
-4
Evaluate (6 - 6) + 7 + -2 + -9.
-4
What is the value of 4 + (-10 - -5 - 3)?
-4
What is 3 - (2 - 1 - 4 - -8)?
-2
(-1 - -2) + (0 - (-12 - -9))
4
5 + -3 + (1 + -2 - 3)
-2
Evaluate (24 + -23 - (-2 + 1)) + -4.
-2
What is (25 - 20) + -4 + 1?
2
6 - 13 - (-8 + 0)
1
What is 0 + -6 - (75 + -81)?
0
What is the value of 6 - (-6 - -3 - -5)?
4
What is 5 + 0 + (8 - 16)?
-3
4 + (1 - (-3 + 7) - -2)
3
Calculate 0 + (-1 - -4 - -1).
4
What is 5 - (-6 + 2 - -5)?
4
5 + (-7 - -4) + -8 + 6
0
What is (-2 - 1) + 5 - 6?
-4
Evaluate -3 + (-4 - (3 - (9 + -4))).
-5
What is the value of -3 + 6 + -5 + 8 + -4?
2
What is -1 + 2 - (-76 + 78)?
-1
Evaluate 11 - 14 - (2 + -1).
-4
What is the value of 3 + (-8 - -1) - (4 + -6)?
-2
Calculate -1 - (2 - (1 + 2 + 0)).
0
Calculate 2 + 0 - (6 - (-4 + 8)).
0
Calculate -2 - (-1 + 3 + -1 + -1).
-2
Calculate (4 - 0) + -6 + 11 + -2.
7
Calculate -6 - (3 - 3) - 0.
-6
What is the value of 3 + 0 + (2 - (2 - -2))?
1
Calculate (0 - -6) + (13 - (29 - 10)).
0
Calculate -1 - (3 + 3 - 4).
-3
5 + -1 - (32 - 33)
5
What is (0 - (4 + -3)) + 1?
0
9 - 2 - (-1 - (-6 - -2))
4
Evaluate -72 - -67 - (-2 + 2 + 1).
-6
Evaluate -1 - 3 - -4 - (4 + -6).
2
What is -13 - ((5 + -1 - 15) + 4)?
-6
What is the value of -1 - (-2 - -3 - (4 + 0))?
2
What is the value of (0 - -5) + -3 - (4 + 3)?
-5
Evaluate (-6 + 2 - 8) + 14.
2
Evaluate 0 - (-3 - (4 - 6)).
1
What is 9 + 1 + -2 - (-254 - -255)?
7
What is the value of 37 + -34 - (3 - 6 - 0)?
6
Evaluate 5 + (-7 + 5 - 2).
1
Evaluate -1 + 0 + -1 + 4 + -2.
0
What is (9 - (9 - 0)) + -1 + 0?
-1
1 + 5 + -9 + 11
8
-